*3/3 + 920*h**2. Suppose 4*b - 3*b = 0. What is the units digit of j(b)?
6
Suppose -7*q = -3*q + 3*a - 27, -30 = -3*q + a. Let b be (12*2/(-21))/(-5 - (-476)/98). What is the units digit of q*b/216 + 694/6?
6
Let r(a) = a - 17. Let p be r(5). Let z = p - -84. Suppose 2*k = 58 + z. What is the units digit of k?
5
Suppose -4*d + 3*z - 2*z + 552 = 0, -5*d + 669 = 4*z. Let r = d - 134. What is the units digit of (4 - 2)*102/r?
8
Let y(t) = -t**3 - 37*t**2 + 40*t + 79. Let z be y(-38). Suppose -z*q + 378 = -1341. What is the hundreds digit of q?
5
Suppose 94*l - 47*l - 9352 = 39*l. What is the tens digit of l?
6
Let p(b) = -b - 1. Suppose -11*g + 9 + 46 = 0. Let u(o) = o**3 + 10*o**2 - 5*o - 12. Let j(k) = g*p(k) - u(k). What is the tens digit of j(-11)?
2
Suppose 3*m = -5*z + 8, 2*m - 30 = -2*m + 3*z. Let d(x) = 4*x + 2*x + 0 + 11*x + 19. What is the units digit of d(m)?
1
Let j be 1/((-8 - -3)/(-60)). Let d(l) = 6*l**2 - 64*l - 12. What is the units digit of d(j)?
4
Suppose 14 = -b - 5*f, -6*b - f = -b + 142. Let c = b - -30. What is the units digit of c/(-1 + 10/8) + 61?
5
Let i = 429 + -369. Let k = i - -241. What is the tens digit of k?
0
Let x = 29331 - 19831. What is the thousands digit of x?
9
What is the hundreds digit of 18047 + 9 + -6 + -3?
0
Let h be -2*((-4 - -139) + -4). What is the tens digit of 75/30 - h/4?
6
Let a(n) = -42 - 30*n - 44 + 35 - 72*n. What is the tens digit of a(-3)?
5
Let y(m) be the third derivative of m**6/40 - 59*m**5/120 + 11*m**4/24 - m**2. Let i(b) be the second derivative of y(b). What is the tens digit of i(10)?
2
Let o = -688 + 699. Let i(g) = 41*g - 214. What is the units digit of i(o)?
7
Let c(m) be the first derivative of 5*m**4/6 - 5*m**3/6 - 4*m**2 + 15*m - 22. Let i(g) be the first derivative of c(g). What is the tens digit of i(-2)?
4
Suppose -34*w = -32*w - 208. Let k = -128 + w. What is the tens digit of (24 - 2)/(k/(-4))*57?
0
Suppose 4*r + x = 12175, -5*r + 323*x + 15218 = 324*x. What is the thousands digit of r?
3
Suppose -6*w - 9674 = -20*w. Let o = 1128 - w. What is the units digit of o?
7
Suppose -26*p + 108 = -38*p. What is the units digit of p + (1708 - (1 - -5))?
3
Let u = -14 + 28. Suppose 3*n - 4*n + 5*i = -u, 4*n - i + 1 = 0. What is the tens digit of (-43*(0 - n))/(-8 - -7)?
4
Suppose x + 3*c + 0*c - 11 = 0, 9 = 3*c. Suppose 7*t - 1896 = 3*t + 5*j, -4*t - x*j = -1868. What is the hundreds digit of t?
4
Let f(d) = 2. Let a(c) = -38*c - 54. Let q(g) = a(g) - 4*f(g). What is the tens digit of q(-14)?
7
Let p(m) = 19*m + 44. Let a be p(-6). Let v(l) = 11*l**3 + 7*l**2 - 5*l + 7. Let f be v(-7). What is the units digit of 2/(-5) + f/a?
8
Let y(b) = 69*b**2 + 234*b + 202. What is the ten thousands digit of y(-27)?
4
Let u(p) be the second derivative of p**7/168 - p**5/24 + p**4/4 + 21*p. Let h(r) be the third derivative of u(r). What is the hundreds digit of h(3)?
1
What is the hundreds digit of 2 - -3 - (-37746)/3?
5
Let t = 4351 + -2132. What is the thousands digit of t?
2
Suppose -3*r - 12 = -4*r. Let v be 33 - (-1 - 1)*r/(-8). What is the units digit of ((-2)/(-5) - -2)*v/9?
8
What is the thousands digit of -228*(-27 - 140) - 21?
8
Suppose 2*d - 2999 = -603. Suppose v - 3*v - 3*y = -482, 4*y = -5*v + d. What is the tens digit of v?
3
Suppose 4*t = -0*t + 8. Let j be (t + 1)/((-7)/(-35)). Suppose -18*i = -j*i - 378. What is the units digit of i?
6
Let x(c) = -3*c + 79. Let u be x(19). Let d = u - -281. What is the units digit of d?
3
Let q = 285 + -267. Suppose q*o - 6748 = 5276. What is the units digit of o?
8
Let k be 2/(-4)*0 + (4 - 0). Suppose k*t = -7 + 39. Let g(v) = 2*v**2 - 7*v - 11. What is the units digit of g(t)?
1
Let q = -9643 - -10544. What is the tens digit of q?
0
Suppose m + 5*h = 2371, -7168 + 2400 = -2*m + 3*h. What is the thousands digit of m?
2
Let j = -85135 - -126494. What is the units digit of j?
9
Let h be (-190)/(-133)*(-42)/(-5). What is the tens digit of 13/((-65)/240)*(-9)/h?
3
Let j be ((-72)/(-15))/(8/20). Suppose j*d - 17*d = -20. What is the units digit of (22/(-2))/(d - (-50)/(-12))?
6
Let d be -5 + 627 - (-2 + -6). Let o = d + 79. What is the hundreds digit of o?
7
Suppose 4*w + 2*f - 17574 = 0, -w + 5*f + 6861 = 2451. What is the units digit of w?
5
Let t be 10/50 + 76/(-5). Let p be (-1 - 315)/(t + 16). What is the tens digit of p/(4/6*-3)?
5
Let o = -564 + 1244. Let k = o + -495. What is the units digit of k?
5
Suppose 0 = 2*d - 3*w + 7, -w + 6*w = 15. Let m be -3*d - 12/(1 + -3). Suppose -5*c + 2137 = m*p + 742, -p = c - 277. What is the units digit of c?
2
Suppose -15*m = -5*m - 4*m. Suppose m = 26*h - 32*h + 5856. What is the units digit of h?
6
Suppose 0 = 4*v - 4*v + 2*v. Suppose -w - 2*f - 11 - 18 = v, 4*f = 8. What is the tens digit of (w/(-6))/((-3)/(-108)*3)?
6
Let x be (10/6 + -1)*(-2 + 11). Suppose x*l - 875 - 1063 = 0. What is the units digit of l?
3
Let s(j) = 557*j**3 - 162*j - 171*j + 332*j. Let i be s(-1). Let u = i - -798. What is the units digit of u?
2
Suppose 1 = -3*c - 2*i - 1, -4*c + i + 12 = 0. Let p(b) = 9*b + 6*b - 10*b + 124 - 4*b**2 + 3*b**c. What is the tens digit of p(0)?
2
Suppose -5*l + 580 - 5 = 0. Suppose -114*m + l*m = 191. Suppose 4*n - 29 = m. What is the units digit of n?
5
Suppose 4*n - 3*d - 11 = 18, 4*n + d = 49. Suppose n = f + 2. Let a(t) = 18*t - 7. What is the tens digit of a(f)?
5
Let x(n) = 173*n + 100. Suppose 108 = 5*h + 88. What is the units digit of x(h)?
2
Suppose 64 - 64 = 6*t. Suppose 5*h - 6*u - 1875 = -2*u, t = 2*h + 3*u - 727. What is the units digit of h?
1
Let x(o) = o**3 - 3*o**2 + 2*o. Suppose 7*m - 6 = m. Let q be x(m). Suppose -10*y + 6*y + 660 = q. What is the hundreds digit of y?
1
What is the units digit of 8 + 86/129*(-91203)/(-2)?
9
Let r = 1135 + -1133. Let b = 281 - 18. Suppose 2*s - r*y - 130 = 3*y, 0 = -5*s - 3*y + b. What is the tens digit of s?
5
Let j = 5123 + -3245. What is the tens digit of j?
7
Let k(t) = 6*t**3 - 23*t**2 + 40*t - 36. What is the units digit of k(11)?
7
Let k = 28830 - 15813. What is the tens digit of k?
1
Let f(z) = 11*z + 14. Let k be 53 - (5 - 5 - 3). Suppose k = 12*a - 4*a. What is the tens digit of f(a)?
9
Let o = 460 + -434. What is the units digit of (-4)/o + (-4840)/(-26)?
6
Let z be ((-1180)/(-6))/((-8)/24). Let v = z + 897. What is the units digit of v?
7
Let j(d) = -127*d**3 + d**2 + 2*d + 2. Suppose 5*b + 17 = w - 4*w, 0 = 4*b + 2*w + 12. What is the tens digit of j(b)?
2
Suppose 5*q + 19435 = 39*t - 34*t, -7789 = -2*t - q. Suppose 0 = -u + x + 1296, -18*u = -15*u - 5*x - t. What is the thousands digit of u?
1
Let x = -19 - -37. Suppose -2*v + x = 14. Suppose -4*s + 113 + 107 = -h, -v*s + 110 = 5*h. What is the tens digit of s?
5
Suppose -235647 = -7*m + x, -157*x - 33687 = -m - 153*x. What is the tens digit of m?
6
Let i be 1/(-1 - 44/(-42)). Let u(j) be the second derivative of -j**5/20 + 7*j**4/4 + 5*j**3/3 - 21*j**2 + 58*j. What is the units digit of u(i)?
8
Let w = -640 + 463. Let f = 833 - w. What is the hundreds digit of f?
0
Let r = 534 + -506. Let o(j) = j**3 - 29*j**2 + 61*j - 54. What is the hundreds digit of o(r)?
8
Let a(z) be the second derivative of z**4/6 - 13*z**3/6 - z**2 + 3*z - 3. What is the tens digit of a(-10)?
2
Suppose 4*v + 27 = 55. Suppose -6*p - 29 = v. What is the tens digit of ((-549)/p)/(21/28)?
2
Suppose -4 + 22 = 9*n. What is the tens digit of 3*(n + 650/6)?
3
Suppose -5*p = 5003 - 64638. What is the units digit of p?
7
Suppose -k = -4*x + 475, 4*k - 3*x = -584 - 1303. Let o = 874 + k. What is the hundreds digit of o?
4
Let q(p) = 101*p**2 + 50*p - 404. What is the ten thousands digit of q(11)?
1
Let p = -70 + 76. Let r be (16/p)/((-4)/6). Let d(u) = -u**3 - 3*u**2 + 4*u + 3. What is the units digit of d(r)?
3
Let a be (-140)/65 + 2 + 24018/(-39). What is the units digit of a/(-32) + 4/(-16)?
9
Suppose 0 = -3*q + 11*q. What is the tens digit of (1 - q)/(18/198)?
1
Let x be (-10)/(((-4)/(-5))/(8/(-20))). Suppose -5*o = -4*s + 634, -699 = -x*s - 5*o + 116. What is the tens digit of s?
6
Let f = 108 - 117. What is the hundreds digit of (f - -8) + 4*100?
3
Let f = 29211 + 3097. What is the thousands digit of f?
2
Let z(f) = 1002*f**2 - 261*f + 1024. What is the ten thousands digit of z(4)?
1
Let y(v) = -v**3 + 11*v*